-4
Let h(y) = y**2 + 34*y + 87. Give h(-3).
-6
Let z(j) = 2*j**2 + 14*j - 15. Give z(-8).
1
Let k(t) = -15*t - 81. What is k(-6)?
9
Let k(g) = 10*g + 266. Calculate k(-26).
6
Let i(f) = -f**2 + 28*f + 33. Give i(25).
108
Let o(d) = d**3 - 7*d**2 - 5*d + 30. Determine o(7).
-5
Let c(g) = -g**3 + 32*g**2 - 60*g + 60. Calculate c(30).
60
Let c(f) = f**3 - 5*f**2 - 7*f + 3. Determine c(6).
-3
Let i(f) = f**2 + 5*f - 8. Calculate i(2).
6
Let q(j) = -2*j + 12. Determine q(-9).
30
Let l(g) = -g**3 + 2. Determine l(0).
2
Let i(y) = -11*y + 8. Determine i(2).
-14
Let h(i) = i - 1. Calculate h(5).
4
Let f(v) = v**2 - v - 73. Calculate f(9).
-1
Let q(s) = -s**2 + 6*s + 16. Calculate q(9).
-11
Let f(t) = 2*t + 20. Determine f(7).
34
Let c(k) = -k**2 + 3*k - 7. Give c(5).
-17
Let w(d) = -3*d**2 - 14*d - 5. What is w(-4)?
3
Let v(w) = w - 26. What is v(20)?
-6
Let g(m) = -m**3 + 7*m**2 + 16*m + 24. What is g(9)?
6
Let m(o) = -o**3 - 21*o**2 - 54*o - 9. Determine m(-18).
-9
Let r(d) = d**3 - 14*d**2 - 51*d. Determine r(-3).
0
Let u(p) = p. Determine u(1).
1
Let w(k) = -k**3 - 10*k**2 + 10*k - 10. Determine w(-11).
1
Let l(i) = i**3 + 45*i**2 + 47*i + 143. Give l(-44).
11
Let t(v) = -2*v - 65. Calculate t(-30).
-5
Let m(t) = 32*t. Give m(-1).
-32
Let b(y) = -13*y + 523. What is b(40)?
3
Let z(k) = -2*k**2 + 4*k + 11. Give z(-8).
-149
Let j(u) = -38*u**2 + 2*u + 1. Determine j(-1).
-39
Let c(m) = 6*m + 2. Give c(-7).
-40
Let r(o) = 26*o + 184. Give r(-7).
2
Let v(z) = z**2 + 13*z - 134. Determine v(7).
6
Let z(a) = -5*a - 20. Give z(-6).
10
Let h(n) = n - 3. What is h(-6)?
-9
Let w(y) = 13*y**2 - 5*y - 2. Calculate w(3).
100
Let p(a) = a**3 - a - 26. What is p(0)?
-26
Let y(m) = -m**2 + 3*m + 3. Give y(6).
-15
Let m(y) = -y**2 - 15*y + 364. Determine m(-28).
0
Let b(n) = n**3 + 35*n**2 + 37*n + 34. Give b(-34).
-68
Let u(v) = -v**3 + 12*v**2 + 12*v + 14. Determine u(13).
1
Let v(n) = -3*n**2 - 16*n + 13. Calculate v(-6).
1
Let x(z) = 23*z - 1. Calculate x(-1).
-24
Let z(m) = 12*m**2 + 5*m + 1. Determine z(-2).
39
Let u(a) = a**3 - 3*a**2 + 1. Calculate u(3).
1
Let v(u) = -6*u - 28. Determine v(-8).
20
Let a(o) = -o**3 - 15*o**2 + 15*o + 14. Determine a(-16).
30
Let j(h) = -h**2 - 40*h - 203. What is j(-5)?
-28
Let a(f) = f**3 - 34*f**2 + 34*f - 38. Give a(33).
-5
Let t(h) = 7*h - 61. Calculate t(16).
51
Let c(l) = -2*l + 36. Give c(6).
24
Let a(q) = q + 14. What is a(-12)?
2
Let c(z) = -z**3 - 44*z**2 + 47*z + 91. What is c(-45)?
1
Let l(k) = -3*k - 7. Give l(-10).
23
Let i(l) = -3*l - 51. Calculate i(-18).
3
Let j(x) = -x - 9. Give j(-1).
-8
Let n(r) = r + 5. Give n(0).
5
Let v(c) = -2*c**2 + 5. Calculate v(0).
5
Let q(y) = -3*y**3 - 5*y**2 - 4*y - 5. Calculate q(-3).
43
Let g(r) = -2*r - 54. What is g(-17)?
-20
Let w(z) = -z**2 - 2*z + 36. Determine w(-7).
1
Let n(c) = c**2 + 10*c + 6. Determine n(-9).
-3
Let n(s) = -s**3 - 2*s**2 + 3*s - 2. Determine n(2).
-12
Let p(b) = b**3 - 3*b**2 + b + 3. What is p(3)?
6
Let g(j) = j**3 - 26*j**2 + 25*j - 3. Determine g(25).
-3
Let m(y) = y**3 - 12*y**2 + 13*y - 23. Determine m(11).
-1
Let d(z) = z**3 + 14*z**2 + 12*z - 14. Determine d(-13).
-1
Let y(r) = -11*r - 113. What is y(-10)?
-3
Let v(m) = -m - 2. What is v(-5)?
3
Let u(g) = -2*g + 2. Determine u(2).
-2
Let v(w) = 8*w + 4. What is v(1)?
12
Let k(w) = -2*w**2 + 10*w - 15. Give k(6).
-27
Let k(z) = z**2 - 10*z - 1132. What is k(39)?
-1
Let j(p) = p**3 + 3*p**2 - 3*p + 2. What is j(-4)?
-2
Let i(d) = -d**2 - 7*d - 7. Give i(-6).
-1
Let z(u) = u**3 + 18*u**2 - 2*u - 21. Give z(-18).
15
Let c(l) = -l**2 + 6*l + 11. Determine c(6).
11
Let x(y) = 40*y + 11. Give x(1).
51
Let v(w) = -w**3 - 4*w**2 - 4*w + 2. What is v(-2)?
2
Let g(q) = -q**2 - 17*q - 22. Determine g(-15).
8
Let h(c) = 29*c + 1. What is h(-3)?
-86
Let k(m) = 21*m + 4. Give k(9).
193
Let z(n) = -n**2 + 18*n - 47. What is z(15)?
-2
Let a(f) = 4*f**2 - 20*f. Give a(5).
0
Let v(d) = d**3 - 18*d**2 + 20*d - 42. Calculate v(17).
9
Let d(s) = -4*s - 2. Determine d(0).
-2
Let a(d) = d**3 + 3*d**2 + 6*d. What is a(-2)?
-8
Let i(b) = b**3 - 14*b**2 + 23*b - 15. What is i(12)?
-27
Let u(m) = -2*m + 34. What is u(0)?
34
Let b(y) = y**2 - 12*y + 17. Give b(10).
-3
Let f(z) = -14*z**2 + 124*z + 10. Calculate f(9).
-8
Let i(b) = -b**3 + 9*b**2 - 14*b - 28. Calculate i(6).
-4
Let w(b) = 8*b + 27. Determine w(-4).
-5
Let x(f) = -f**2 + 35*f - 140. What is x(30)?
10
Let f(a) = -2*a + 91. Give f(26).
39
Let q(b) = -4*b**2 - 76*b - 10. Calculate q(-19).
-10
Let s(b) = -5*b**2 + b. Determine s(-1).
-6
Let f(c) = c - 12. Determine f(-11).
-23
Let h(y) = -5*y - 18. Determine h(-9).
27
Let d(k) = k**3 - 11*k**2 + 14*k + 19. Calculate d(9).
-17
Let h(q) = 9*q - 50. Determine h(8).
22
Let u(r) = r - 14. What is u(21)?
7
Let s(r) = r**3 + 3*r**2 + 6. What is s(-5)?
-44
Let g(h) = h**3 + 8*h**2 - 10*h + 5. Give g(-9).
14
Let j(o) = -o**3 + 8*o**2 + 17*o + 22. Give j(10).
-8
Let m(g) = -10*g + 218. Determine m(21).
8
Let j(u) = -47*u**2 + 1. What is j(-1)?
-46
Let m(c) = -2*c**3 - c**2 + 4*c + 8. What is m(-2)?
12
Let s(y) = y**3 - 8*y**2 + 2*y - 7. Calculate s(8).
9
Let m(r) = r**3 + 13*r**2 - 16*r - 29. What is m(-14)?
-1
Let b(d) = d**2 - d + 11. What is b(-8)?
83
Let r(g) = g**2 + 38*g + 217. What is r(-7)?
0
Let k(v) = 12*v + 144. Calculate k(-10).
24
Let u(n) = -18*n. Give u(-1).
18
Let b(p) = -p**2 + 8*p - 1. What is b(5)?
14
Let o(f) = -f**2 + 11*f + 13. What is o(12)?
1
Let b(f) = -2*f**2 + 2*f - 1. Give b(3).
-13
Let c(q) = -8*q**2 - 101*q + 38. Calculate c(-13).
-1
Let s(v) = v**2 - 23*v + 103. Calculate s(17).
1
Let f(d) = 8*d - 4. Determine f(-7).
-60
Let z(r) = -r**2 + 6. Calculate z(-3).
-3
Let n(s) = -s**3 + 31*s**2 + 2*s + 42. Calculate n(31).
104
Let l(d) = -4*d**3 - 2*d**2 - 4*d - 5. What is l(-3)?
97
Let c(g) = -2*g**2 - 22*g - 21. Determine c(-14).
-105
Let q(u) = 3*u + 8. Determine q(-7).
-13
Let z(g) = -g**3 - g + 24. Give z(0).
24
Let m(o) = -7*o**3 + 2*o**2 - 6*o + 6. Determine m(1).
-5
Let k(b) = 5*b - 120. Give k(25).
5
Let v(w) = -w**3 - 3*w**2 + 2*w - 8. Give v(4).
-112
Let l(c) = -c - 8. Give l(-7).
-1
Let r(j) = j**3 - 5*j**2 + 3*j - 10. Determine r(4).
-14
Let w(j) = j**3 + 4*j**2 - j - 7. Calculate w(-4).
-3
Let s(x) = -3*x**3 + x**2 - 4*x + 2. Calculate s(1).
-4
Let b(m) = 51*m - 514. Give b(10).
-4
Let f(l) = -3*l - 28. What is f(-10)?
2
Let h(n) = n**3 + 11*n**2 + 19*n - 1. Determine h(-9).
-10
Let o(t) = t**3 - 12*t**2 - 2*t + 29. What is o(12)?
5
Let p(l) = 5*l + 77. Determine p(-15).
2
Let r(y) = -y**2 + 2*y + 7. What is r(0)?
7
Let b(k) = k**3 + 11*k**2 - 92. What is b(-10)?
8
Let m(v) = -v**2 + 12*v - 7. Calculate m(10).
13
Let w(q) = 4*q**2 + 2*q + 13. Calculate w(5).
123
Let d(z) = -2*z + 10. Give d(10).
-10
Let o(y) = y**3 + 3*y**2 - 28*y - 78. Give o(-3).
6
Let v(m) = -5*m + 25. Give v(22).
-85
Let r(v) = 3*v**2 - 6*v - 6. Give r(5).
39
Let v(j) = -j + 12. Calculate v(11).
1
Let u(p) = 5*p**2 + p. Determine u(-1).
4
Let l(o) = 4*o - 3. Determine l(-5).
-23
Let h(t) = 11*t + 47. Give h(8).
135
Let s(r) = 2*r**3 + 9*r**2 - 3*r - 28. What is s(-5)?
-38
Let q(h) = -h + 6. Give q(-8).
14
Let x(s) = 13*s - 77. Determine x(7).
14
Let i(a) = 2*a**2 + 21*a - 5. What is i(-11)?
6
Let q(w) = -8*w + 4. What is q(-1)?
12
Let b(n) = n**2 + 34*n + 28. Give b(-32).
-36
Let w(s) = 8*s - 39. Determine w(7).
17
Let z(v) = -v**3 - 7*v**2 + 11*v - 4. Give z(-8).
-28
Let r(m) = m**2 - 19*m - 42. Determine r(21).
0
Let g(h) = 4*h - 32. Determine g(6).
-8
Let v(t) = -t**2 + 43*t + 95. Determine v(45).
5
Let x(q) = -4*q + 29. Calculate x(6).
5
Let m(g) = -3*g. Calculate m(3).
-9
Let z(k) = -k**3 + 5*k**2 - 34*k + 116. Give z(4).
-4
Let r(w) = w**3 - 5*w**2 + 3*w - 1. What is r(3)?
-10
Let g(o) = -o**3 - 20*o**2 - 37*o - 19. What is g(-18)?
-1
Let b(l) = l**3 + 10*l**2 + 5*l - 35. What is b(-9)?
1
Let f(d) = d**3 - 2*d**2 - 18*d - 2. Determine f(-4).
-26
Let h(x) = 2*x**2 - 26*x + 3. What is h(13)?
3
Let u(w) = w**3 - 8*w**2 - 3*w - 4. What is u(8)?
-28
Let p(i) = -4*i + 27. Calculate p(7).
-1
Let a(b) = -5*b + 1. Give a(-6).
31
Let m(k) = k**3 + 12*k**2 - 17*k - 7. Calculate m(-13).
45
Let p(x) = -x**3 + 8*x**2 + 19*x - 89. What is p(9)?
1
Let j(w) = -2*w - 24. What is j(-18)?
12
Let u(h) = h**3 + 31. What 